81*b - 4*m = -37. Calculate l(b).
4
Let f(h) be the first derivative of -h**4/4 - 4*h**3/3 + 4*h**2 - 20*h - 232. Let g be f(-6). Let m(i) = i**2 - 2*i. Give m(g).
8
Let n(c) = -c**2 - 6*c - 6. Let l(a) = 20*a + 73. Let g = -197 + 193. Let b be l(g). What is n(b)?
-13
Let j(s) be the third derivative of -s**5/15 - 13*s**4/24 - s**3/3 + 19*s**2 + 9. What is j(-2)?
8
Let o(w) = -4*w**2 - 2*w + 3. Let d = 7711 + -7710. Determine o(d).
-3
Let h(w) = -26*w - 78. Let p(k) = -1. Let o(n) = 7*n + 162. Let b be o(-12). Let d(j) = b*p(j) - h(j). Give d(-1).
-26
Let y(f) = 7 + 10*f + 34*f - 38*f + 110. Calculate y(-22).
-15
Let z(u) = 9*u**3 - 304*u**2 + 342*u - 386. Let t(o) = -o**3 + 34*o**2 - 38*o + 43. Let m(s) = 19*t(s) + 2*z(s). What is m(37)?
8
Let x = 85 + -80. Suppose 27 = x*p + 42. Let o(h) = -h**3 - 4*h**2 - 4*h + 10. Let w(q) = -q**2 - 1. Let c(g) = p*w(g) - o(g). Determine c(-6).
5
Let l(q) be the first derivative of -5*q**3/3 - 21*q**2/2 - 4*q - 4942. Give l(-4).
0
Suppose 4*f - 4*m + 75 = 343, 0 = -5*f - 4*m + 317. Suppose -80 + f = -5*u. Let x(j) = 1 - u*j - 4*j + 8*j. Give x(4).
5
Let y(j) = 2*j + 1 - 2 - 8*j**2 - 5*j**2. Suppose 0 = i + 3*z, -7*i + 2*i = z + 14. Let p be (5 + i)*(0 - (-1)/2). Give y(p).
-12
Let z(q) be the first derivative of -q**3/3 + 70*q - 3996. What is z(0)?
70
Let y(b) = -2*b**3 + b**2 + 39*b - 88. Let w be y(3). Let r(k) = 3*k**2 + 46*k - 39. Determine r(w).
-7
Let s(x) = 9*x - 4. Let f be 656/12 - (-8)/24. Suppose 7*r + 34 = f. Determine s(r).
23
Let z(g) = g**2 + 7*g - 20. Let y(j) = j**2 + 163*j + 1092. Let t be y(-7). Calculate z(t).
-20
Suppose 3*p - 70 = -5*f, -9*f - 51 = -2*p - 8*f. Let d(o) = p + o + 16 - 40. Let t = -2 + 3. What is d(t)?
2
Let g = 29715 + -29693. Let c(i) = 3*i**2 - 71*i + 114. Determine c(g).
4
Let y be 71/(5964/56)*6*(-3)/2. Let v(a) = -a**3 - 5*a**2 + 6*a - 1. Give v(y).
-1
Let l be (-56)/42 + (-4)/(-3). Suppose l = -22*w + 16*w + 6. Let p(c) = 6*c - 1. Determine p(w).
5
Let i be 34/17*27/(-18). Let k(l) = 5 - 13 - l**2 - 7*l + 7 - 2. Determine k(i).
9
Let a(b) = -13*b**2 + 4*b**2 + 11*b - 4 - b**3 + 10. Let w(z) = -4*z**2 + 97*z - 34. Let o be w(24). Give a(o).
-4
Let y(u) be the third derivative of -u**6/120 - 13*u**5/12 + 425*u**4/24 - 13*u**3 + 6*u**2 - u + 3. Calculate y(-71).
-7
Let i(w) be the second derivative of -w**5/10 + w**3/6 - 2*w**2 - 21*w + 101. What is i(-2)?
10
Let p(j) be the second derivative of -j**5/20 - 3*j**4/4 + 5*j**3/6 + 99*j**2/2 - 2071*j. Calculate p(-8).
-5
Let y(j) = -j - 9. Let o be y(-10). Let s(p) be the second derivative of 0*p**2 - 1/6*p**4 - 65*p + 0 + 1/6*p**3. Determine s(o).
-1
Let u = -13677 - -13657. Let j(v) = -v**3 - 19*v**2 + 23*v + 29. Determine j(u).
-31
Let w(s) = s**2 - 9*s - 8. Let z(d) = -d**3 + 154*d**2 - 3530*d + 62. Let i be z(28). Calculate w(i).
-26
Let i(u) = 2*u**2 + 30*u + 10. Let o be i(-15). Let q be (-9)/(-2) + (-5)/o. Suppose 8 = q*x - 2*x. Let j(m) = -3*m + 3. Give j(x).
-9
Let z(f) = 3*f + 2. Let p(o) = -6*o - 3. Let x(i) = -2*p(i) - 5*z(i). Let d = 1178 - 1174. Calculate x(d).
-16
Let d(i) = i + 1. Let m(a) be the second derivative of 7/6*a**3 + 0 + 6*a**2 - 8*a. Let z(b) = -6*d(b) + m(b). Determine z(-5).
1
Let a(n) = -n**3 + n**2 + n + 1. Let m(o) = 2*o**3 - 2*o**2 - 2*o - 11. Let r(p) = a(p) + m(p). Let k be -20 + 21 + (-8)/2 + 3. What is r(k)?
-10
Let o(t) = -369*t + 167*t + 196*t + 40. What is o(7)?
-2
Let w(z) = 14*z + 24. Let i(k) = -29*k + 955. Let a be i(33). Calculate w(a).
-4
Let s be 22*-18*17/(-1683). Let j(m) = 25*m - 97. Give j(s).
3
Let j = 10731 + -10728. Let a(i) = -3*i**2 + 15*i - 12. Give a(j).
6
Let r(j) = 4*j - 9. Let l(i) = -3*i + 8. Let c(t) = 5*l(t) + 4*r(t). Let x be c(-2). Let k(d) = -5*d - 1113783 + 1113783. What is k(x)?
-10
Let y = -5586 + 5553. Let x(i) = 2*i**2 + 60*i - 195. What is x(y)?
3
Let i(s) be the third derivative of s**4/4 + 19*s**3/6 + 2*s**2 + 1215*s + 2. Determine i(-16).
-77
Suppose -39*k + 77 = -118. Suppose i = 6*z - 3*z - k, 3*i + z = 25. Let h(c) = -c**2 + 4*c - 2. Give h(i).
-23
Let t = -2 - -3. Let l be t + (-9)/7 - 282/(-7). Suppose l = -7*o - 2. Let h(j) = j**2 + 4*j - 8. Calculate h(o).
4
Let v(x) = 279*x + 1953. Let q be v(-7). Let p(s) be the third derivative of 0 + 1/6*s**3 + q*s + 13*s**2 - 1/30*s**5 + 1/6*s**4 - 1/120*s**6. What is p(-3)?
-2
Let z be ((-32)/28)/(44/(-308)) - (1 + 3). Let u(d) be the second derivative of -1/2*d**z + 3*d**2 + 5/6*d**3 + 0 + 1/20*d**5 - 9*d. Calculate u(5).
6
Suppose -4*j + 15 = 3*b, 8*j - 3*b = 3*j - 15. Let h(r) = -r**3 + 4*r**2 - r + 5. Let m be h(j). Let i(u) = 3*u - 2. What is i(m)?
13
Let u(b) = -12*b + 11*b**2 + 3*b - 10*b**2 - 11 + 5 - 7. Let t = 379 + -369. Give u(t).
-3
Let a(h) be the third derivative of h**5/60 - 7*h**4/24 - 7*h**3/6 + 26*h**2 + 16. Determine a(8).
1
Let g(f) = -f**2 - 74*f - 1318. Let b be g(-44). Let v(n) = 9*n - 3. Let p(k) = 5*k - 2. Let y(a) = 5*p(a) - 2*v(a). Calculate y(b).
10
Let b(k) = k**2 + 9*k + 7. Suppose 238 = -26*p + 9*p. Let c(l) = -l**2 - 8*l + 75. Let m be c(p). Determine b(m).
7
Let w(k) = 4*k + 112. Let u(d) = -16. Let a(f) = 12*u(f) + 2*w(f). Calculate a(5).
72
Suppose -70*n = -76*n + 432. Suppose 7*b = -5 - n. Let c(y) = 2*y + 22. Give c(b).
0
Let g(l) = -14*l**2 - l - 816. Let p(c) = 56*c**2 + 4*c + 3400. Let q(k) = 25*g(k) + 6*p(k). Let u be (-3)/1 - -1 - -1. Determine q(u).
-13
Let p(l) be the second derivative of -7*l**4/12 - l**3/6 - 16*l. Suppose -2 + 10 = -8*a. What is p(a)?
-6
Let j(g) = 0 - 828*g**3 - 835*g**3 + g + 2 + 1664*g**3. Give j(-3).
-28
Let t(f) be the second derivative of 5/12*f**4 + 1/20*f**5 - 6*f + 0 + 3/2*f**2 + 2/3*f**3. Give t(-4).
3
Let o(g) = -g**3 + 4*g**2 - 3. Let p(i) = i**2 + 14*i - 28. Let j be p(-16). Suppose 3*t - 9 = -j*f + 3, -4*f + 12 = 5*t. Determine o(f).
6
Let f be -3*(-21 - 2 - -16). Let x(b) = -b**3 + 20*b**2 + 22*b - 17. Calculate x(f).
4
Let y(n) = 9278*n - 5*n**2 - 9290*n + 6*n**2 + 32. Determine y(5).
-3
Let t(c) = 31*c**3 - 22*c**2 - 49*c + 67. Let d(k) = 17*k**3 - 11*k**2 - 24*k + 36. Let q(n) = 11*d(n) - 6*t(n). Calculate q(-6).
-6
Suppose -93 = 4*z - 3*b, 21*z = 26*z + 4*b + 93. Let v(x) = x**2 + 21*x - 11. What is v(z)?
-11
Let q(p) be the third derivative of 3*p**6/40 - p**5/60 + p**3/6 - 1622*p**2. What is q(-1)?
-9
Suppose b - 5*r + 74 - 65 = 0, 25*b - 141 = 3*r. Let i(m) = -2*m**2 + m + 21. Calculate i(b).
-45
Suppose -41*n + 6 = -40*n. Let o(u) = 38 + 2*u - 25 - 3*u. Determine o(n).
7
Let r(k) = 2*k**3 - k**3 + 4 - 4*k**2 - 5*k + 5*k**2 + 3*k**2. Suppose -50*n = -40*n + 320. Let l be 1*-4 - (33 + n). Calculate r(l).
4
Let j = -530 + 535. Let a(b) = b**3 - 2*b**2 - 11*b - 15. Determine a(j).
5
Let u(z) = 5*z - 4*z - 2 - 6 - 3*z. Give u(5).
-18
Let m(c) = -c**3 + 5*c**2 - 5. Let b be (-1)/10*-4*(-20)/(-4). Let x be m(b). Let z(t) = -2*t - 4. Give z(x).
-18
Suppose 198*d - 979 = -187. Let n(y) = -5*y + 33. Let b(a) = 3 - a + 14 - 2*a. Let m(j) = d*n(j) - 7*b(j). What is m(0)?
13
Suppose -3*c + 6*h + 54 = 63, 2*c + 5*h + 24 = 0. Let i(q) be the second derivative of q**3/2 + 5*q**2/2 - q. Determine i(c).
-16
Let h(n) = -n**2 + 3*n - 6. Let z(k) = -k**2 + k. Let i(x) = -5*x**2 + 9*x + 4. Let a(r) = -i(r) + 4*z(r). Let f be a(-4). Suppose -5*p = -f + 12. What is h(p)?
-10
Let a(o) = 19*o**3 + 8*o**2 - 27*o - 284. Let p(u) = 5*u**3 + 2*u**2 - 7*u - 75. Let r(q) = -9*a(q) + 34*p(q). Let y = -3 - 2. Determine r(y).
6
Let i(s) = 2*s - 18. Suppose 9 = 2*q + 6*y - 3*y, 5*q - 4*y - 57 = 0. Let l be i(q). Let c(u) = u - 20. What is c(l)?
-20
Suppose -4306*s - 771 = -4281*s - 71. Let i(u) = -u**2 - 27*u - 12. Calculate i(s).
-40
Suppose 0 = 4*n + 3*h + 16, 4*h + 33 = 51*n - 54*n. Suppose i + 3*o = 18, 0 = -2*o + 6 + 2. Let x(m) = -m**3 + m**2 - 1 + i*m + 3*m**2 - 5. Calculate x(n).
-1
Let x(a) = a**2 + 7*a - 21. Let u(l) = -10*l**2 + 35*l - 35. Let h be u(1). Determine x(h).
9
Let i(t) = 3*t**3 - 101*t**2 + 3*t - 7. Let d(b) = -b**3 + 27*b**2 + b. Let v(h) = 4*d(h) + i(h). Calculate v(8).
-15
Let q(a) = 5*a**3 + 14*a**2 + 9*a - 108. Let w(s) = -2*s**3 - 5*s**2 - 3*s + 38. Let i(r) = 6*q(r) + 17*w(r). Give i(2).
-32
Suppose -3*q - 68 = 4*m, q + 12 = -2*q. Let u be 3/18*3 - (-7)/m. Let r be (-2 - u)/((-1 + -1)/(-1)). Let w(l) = -11*l**2 -